7)*3/2 is divided by 220?
32
Let b = -56 - -61. Suppose 0 = 3*a - b*n + 12, 3*a = -0*a - 4*n + 15. What is the remainder when a/(-3) + 5 + 292/12 is divided by 12?
5
Calculate the remainder when 25920 is divided by (-1981)/849 + 980/6.
160
Suppose -109*p = -933 - 1824 - 77. What is the remainder when 1167 is divided by p?
23
Let p = 5754 + -5544. What is the remainder when p is divided by 75?
60
Let q(m) = -m**3 - 2*m**2 + 6*m - 3. Let n be q(-4). Let t = n + -3. Let g = t + 0. What is the remainder when g is divided by 1?
0
Suppose 5*x - 243 = -3*v, 0*v - 3*x = -5*v + 439. Calculate the remainder when 7050 is divided by v.
84
Let x = -6708 - -6867. What is the remainder when 195 is divided by x?
36
Let g = 13659 + -13576. What is the remainder when g is divided by 83?
0
Let g(y) be the second derivative of 1/4*y**4 - 4*y - 7/6*y**3 - 4*y**2 + 0. Calculate the remainder when 93 is divided by g(4).
9
Suppose 0 = -3*t - 2*t + 3*k + 210, 168 = 4*t - 3*k. Suppose 50*z + t = 56*z. Suppose 110 = 9*c - z. What is the remainder when c is divided by 3?
1
Let q(i) = -i**3 - 27*i**2 + 111*i - 353. What is the remainder when 2448 is divided by q(-31)?
48
Suppose -24*t = -16*t - 4880. Suppose 5*i + 145 - t = 0. What is the remainder when i is divided by 19?
17
Let m = -6116 - -6318. Calculate the remainder when m is divided by 7.
6
Suppose -2*i = -2*h - 48, -3*h = 6*i - 11*i + 112. Calculate the remainder when 90 is divided by i.
10
Let t(l) = 18*l**2 - 33*l - 49. What is the remainder when t(-18) is divided by 10?
7
Suppose 10832 = -22*a - 7406. Let q = a + 896. What is the remainder when q is divided by 24?
19
Let y(z) = -101*z**2 + 5*z + 0*z + 10 + 102*z**2. Let p be y(-4). Suppose p*r - 115 = r. What is the remainder when 43 is divided by r?
20
Suppose 0 = 3*i - 4*v - 64, 4*i - 92 - 2 = v. Calculate the remainder when 1409 is divided by i.
17
Suppose 0 = -6*c - 2*c + 40. Suppose 3*f + 10 = 2*f - c*t, -3*f - 3*t = -6. Suppose 2*a = 15 + f. Calculate the remainder when 42 is divided by a.
2
Let f be 146 - (1 - (4 - -2)). Let r = 162 - f. What is the remainder when r is divided by 8?
3
Suppose -3*a = -8*a + 25. Suppose -3 + 18 = -a*p. What is the remainder when 45 is divided by (24/6)/(p/(-12))?
13
Let i be (-168)/(-60) + 1/5. Let z(s) = 4*s**2 + 6*s - 28. What is the remainder when 101 is divided by z(i)?
23
Let i(p) = -5*p + 115. Let a(f) = -2*f**3 - 62*f**2 + f + 51. Let u be a(-31). What is the remainder when (58/(-5))/((-1)/5) is divided by i(u)?
13
Suppose -4*w = -z + 42, 2*z - w - 43 = 27. Suppose 29*x + 468 = 68*x. Calculate the remainder when z is divided by x.
10
Suppose 0 = -2*r - 5*q + 536, 13*q = -5*r + 14*q + 1286. Let p = -162 + r. What is the remainder when p is divided by 14?
12
Suppose 0 = y - 0*y - 4*y. Let a be (-2)/(-4)*3/15*y. What is the remainder when a - -4 - (-40)/(-20) is divided by 2?
0
Let r(o) = 22*o - 10. Let x be r(1). Suppose -16 = -x*j + 8*j, 2*j = p. Calculate the remainder when 141 is divided by p.
5
What is the remainder when (((-30)/(-75))/(3/(-5)))/((-16)/13584) is divided by 159?
89
Let h = 3407 + -3384. What is the remainder when 16007 is divided by h?
22
What is the remainder when -16 + (497 - 48/(-4)) is divided by 65?
38
Suppose l - 195 = -202. Let p(q) = -2*q - 3. What is the remainder when p(-7) is divided by (3 - 0) + l - (-1 + -6)?
2
Suppose -22*u = -24*u + 110. Let j = u - 54. Let a = -6 + 12. Calculate the remainder when a is divided by j.
0
Calculate the remainder when 58/(-319) + 3 + 13/11 + 579 is divided by 28.
23
Let d(r) = r**3 + 14*r**2 + 13*r + 7. Let m be d(-13). Let c = m + -19. Let w(h) = h**2 + 13*h + 23. What is the remainder when 27 is divided by w(c)?
5
Suppose -39*u + 56*u - 102 = 0. What is the remainder when u is divided by 1?
0
Let o = -280 - -470. Let r(c) = 6*c**3 - c**2 - 3*c + 10. Calculate the remainder when o is divided by r(2).
46
What is the remainder when 3596 + 45*(-18)/(-324)*(-18)/5 is divided by 63?
59
Let v be (7/21)/((-1)/(-9)). Calculate the remainder when 4/v*552/16 is divided by 16.
14
Suppose 164*s = -49*s + 4260. Calculate the remainder when 328 is divided by s.
8
Let z be (4 - 38/10) + (-5587)/185. Let x(f) = f**3 + 7*f**2 - 7*f + 2. Let g be x(-6). Calculate the remainder when 51 is divided by ((-32)/g)/(2/z).
3
Suppose 4*k - 61 = -151*h + 146*h, -2*k - 3*h = -29. What is the remainder when 75 is divided by k?
18
Let c(p) = p**3 - 26*p**2 + 93*p - 85. Calculate the remainder when 5268 is divided by c(22).
18
Calculate the remainder when 4/72*-6*-513 is divided by 89.
82
Let h(a) = -39*a + 1190. Let k be h(29). Suppose -28 + 238 = 5*s. Let f = k - s. What is the remainder when 67 is divided by f?
16
What is the remainder when 668 is divided by 4/9 + 148*(-615)/(-540)?
161
What is the remainder when 20/12*-3 + 12397/(4 - -3) is divided by 881?
4
Suppose -2*q = 32, 18*a + 75 = 19*a - 4*q. Let f = 27 + 13. Calculate the remainder when f is divided by a.
7
Let h be ((-105)/(-6) - 1)*(-6)/(-9). What is the remainder when (1/(-2))/(((-11)/674)/h) is divided by 17?
14
Let c(i) = -8*i - 40. Let m be c(9). What is the remainder when ((-2)/1 - 44)*-1 is divided by (-32)/m + ((-206)/(-14) - -2)?
12
Suppose 2*f - 4*o - 28 = 0, 13*f - 12*f + 5*o - 21 = 0. What is the remainder when 59 is divided by 16 + (2/16 - 66/f)?
11
Let q(n) = -473*n + 4. Let b be q(-1). Let a = b - 455. Calculate the remainder when 146 is divided by a.
14
Suppose -4*k + 4 = -2*k - 5*l, 5*l + 10 = 5*k. Suppose 4*b = 3*w - 355, -k*w + 67 + 175 = -4*b. Calculate the remainder when w is divided by 6.
5
Suppose 43 = u + 4*r, -5*u - 2*r + 265 = -7*r. Let d be 72/34 - 6/u. Suppose -j = d*j - 12, 2*z + 2*j = 40. What is the remainder when z is divided by 5?
1
Suppose -219*d + 217*d + 1197 = 5*v, 4*v + 20 = 0. Calculate the remainder when d is divided by 15.
11
Let d be (-6 - -7)*(-450)/(-2). Let y = d + -123. Let f(n) = -n**2 - 12*n - 6. What is the remainder when y is divided by f(-4)?
24
Suppose 33 = 7*t - 4*t. Suppose t*u + 1386 = 6754. Suppose 2*p + u - 87 = 3*x, 0 = 2*x - 3*p - 274. What is the remainder when x is divided by 22?
21
Let v be (-12)/3*(-10 - 0). Let t = v + -43. Let i = 25 - t. What is the remainder when 53 is divided by i?
25
What is the remainder when ((-37)/(-74))/(5/(-21300)*-1) is divided by 35?
30
Suppose -2*b - 5*r = -111, -b + 5*r + 23 - 5 = 0. Suppose -w + 6 = 2*x, -5*w - 2*x + 5*x = -b. Calculate the remainder when 1 + 7 - w/12*-3 is divided by 3.
1
Let d(t) = -9*t + 2. Let x be (-2373)/(-15) + (-2 + -2)/20. Suppose 155*h + 234 = x*h. Calculate the remainder when h is divided by d(-2).
18
Suppose l = -4*w + 12174, -44*l + 46*l - 6084 = -2*w. What is the remainder when w is divided by 87?
86
Suppose 30 - 115 = -3*a + 2*s, -3*a - s + 79 = 0. Let g = a - 47. Let q = g + 73. Calculate the remainder when q is divided by 9.
8
Suppose -1255 = -11*d + 1286. What is the remainder when d is divided by 113?
5
Calculate the remainder when 694 is divided by (-1 - 0)*-26 - 0/(-3) - -3.
27
Suppose -g - 694 = -690, 2*s - 5*g - 108 = 0. Calculate the remainder when 1*171 - (-3 + 3) is divided by s.
39
Suppose -1057 - 415 = 4*v + 5*h, -4*v = -5*h + 1512. Let p = v - -394. Calculate the remainder when 75 is divided by p.
12
Suppose -4*r = -p + 16, -108 = 4*p - 8*p + 5*r. Let b(v) = -v**3 + 33*v**2 - 31*v - 21. Calculate the remainder when 29 is divided by b(p).
7
Let s(l) = l**2 + 12. What is the remainder when 300 is divided by s(5)?
4
Let l = 5642 - 5100. What is the remainder when l is divided by 30?
2
Suppose -34 = 20*t - 114. Suppose -j = -2*g + 844, 14 - 6 = t*j. What is the remainder when g is divided by 85?
83
Let x = 11100 + -11035. What is the remainder when 132 is divided by x?
2
Suppose 5*n - 15*y + 14*y = 1972, 5*n - 5*y = 2000. What is the remainder when n is divided by 54?
15
Suppose 72925 = -1331*q - 456*q + 292726. Suppose 3*u - 17 = -2*z, 2*z + 3*u = u + 22. What is the remainder when q is divided by z?
11
Let x be 1 - (3 - (185 + 1)). Let w = -172 + x. Calculate the remainder when 41 is divided by w.
5
Suppose 0 = 4*l - 3*r - 2750 + 1083, 2077 = 5*l + 3*r. Let o = l - 163. Calculate the remainder when o is divided by 17.
15
What is the remainder when ((-1689579)/(-18))/(-17)*1/(-6)